{"id":1508,"date":"2020-12-10T17:07:47","date_gmt":"2020-12-10T17:07:47","guid":{"rendered":"https:\/\/intenalco.edu.co\/portal\/?page_id=1508"},"modified":"2021-04-14T20:34:36","modified_gmt":"2021-04-14T20:34:36","slug":"intenalco-ninos-que-estudiar","status":"publish","type":"page","link":"https:\/\/intenalco.edu.co\/portal\/intenalco-ninos-que-estudiar\/","title":{"rendered":"Intenalco Ni\u00f1os Que Estudiar"},"content":{"rendered":"<div id=\"pauDonde\"><a href=\"https:\/\/intenalco.edu.co\/portal\">Inicio<\/a> &raquo; <span class=\"current\">P\u00e1gina<\/span><\/div> <br> \t\t<div data-elementor-type=\"wp-page\" data-elementor-id=\"1508\" class=\"elementor elementor-1508\" data-elementor-settings=\"[]\">\n\t\t\t\t\t\t<div class=\"elementor-inner\">\n\t\t\t\t\t\t\t<div class=\"elementor-section-wrap\">\n\t\t\t\t\t\t\t<section class=\"elementor-section elementor-top-section elementor-element elementor-element-4603793 elementor-section-stretched elementor-section-full_width elementor-section-height-default elementor-section-height-default\" data-id=\"4603793\" data-element_type=\"section\" data-settings=\"{&quot;stretch_section&quot;:&quot;section-stretched&quot;,&quot;background_background&quot;:&quot;classic&quot;}\">\n\t\t\t\t\t\t<div class=\"elementor-container elementor-column-gap-default\">\n\t\t\t\t\t\t\t<div class=\"elementor-row\">\n\t\t\t\t\t<div class=\"elementor-column elementor-col-50 elementor-top-column elementor-element elementor-element-ec61f7f\" data-id=\"ec61f7f\" data-element_type=\"column\" data-settings=\"{&quot;background_background&quot;:&quot;classic&quot;}\">\n\t\t\t<div class=\"elementor-column-wrap elementor-element-populated\">\n\t\t\t\t\t\t\t<div class=\"elementor-widget-wrap\">\n\t\t\t\t\t\t<div class=\"elementor-element elementor-element-c48f76d elementor-widget elementor-widget-text-editor\" data-id=\"c48f76d\" data-element_type=\"widget\" data-widget_type=\"text-editor.default\">\n\t\t\t\t<div class=\"elementor-widget-container\">\n\t\t\t\t\t<div class=\"elementor-text-editor elementor-clearfix\"><h1 style=\"text-align: left; padding-left: 40px;\"><span style=\"color: #ffffff;\"><strong>Intenalco Infantil<\/strong><\/span><\/h1>\n<h3 style=\"text-align: left; padding-left: 40px;\"><span style=\"color: #ffffff;\">\u00bfQu\u00e9 Estudiar?<\/span><\/h3><\/div>\n\t\t\t\t<\/div>\n\t\t\t\t<\/div>\n\t\t\t\t\t\t<\/div>\n\t\t\t\t\t<\/div>\n\t\t<\/div>\n\t\t\t\t<div class=\"elementor-column elementor-col-50 elementor-top-column elementor-element elementor-element-293cb60\" data-id=\"293cb60\" data-element_type=\"column\">\n\t\t\t<div class=\"elementor-column-wrap elementor-element-populated\">\n\t\t\t\t\t\t\t<div class=\"elementor-widget-wrap\">\n\t\t\t\t\t\t<div class=\"elementor-element elementor-element-0fbc2dc elementor-widget elementor-widget-text-editor\" data-id=\"0fbc2dc\" data-element_type=\"widget\" data-widget_type=\"text-editor.default\">\n\t\t\t\t<div class=\"elementor-widget-container\">\n\t\t\t\t\t<div class=\"elementor-text-editor elementor-clearfix\"><\/div>\n\t\t\t\t<\/div>\n\t\t\t\t<\/div>\n\t\t\t\t<div class=\"elementor-element elementor-element-6c06949 elementor-widget elementor-widget-text-editor\" data-id=\"6c06949\" data-element_type=\"widget\" data-widget_type=\"text-editor.default\">\n\t\t\t\t<div class=\"elementor-widget-container\">\n\t\t\t\t\t<div class=\"elementor-text-editor elementor-clearfix\"><\/div>\n\t\t\t\t<\/div>\n\t\t\t\t<\/div>\n\t\t\t\t\t\t<\/div>\n\t\t\t\t\t<\/div>\n\t\t<\/div>\n\t\t\t\t\t\t\t\t<\/div>\n\t\t\t\t\t<\/div>\n\t\t<\/section>\n\t\t\t\t<section class=\"elementor-section elementor-top-section elementor-element elementor-element-2a07bc5 elementor-section-boxed elementor-section-height-default elementor-section-height-default\" data-id=\"2a07bc5\" data-element_type=\"section\" data-settings=\"{&quot;background_background&quot;:&quot;classic&quot;}\">\n\t\t\t\t\t\t<div class=\"elementor-container elementor-column-gap-default\">\n\t\t\t\t\t\t\t<div class=\"elementor-row\">\n\t\t\t\t\t<div class=\"elementor-column elementor-col-100 elementor-top-column elementor-element elementor-element-7c91e81\" data-id=\"7c91e81\" data-element_type=\"column\">\n\t\t\t<div class=\"elementor-column-wrap elementor-element-populated\">\n\t\t\t\t\t\t\t<div class=\"elementor-widget-wrap\">\n\t\t\t\t\t\t<div class=\"elementor-element elementor-element-aadb714 elementor-widget elementor-widget-text-editor\" data-id=\"aadb714\" data-element_type=\"widget\" data-widget_type=\"text-editor.default\">\n\t\t\t\t<div class=\"elementor-widget-container\">\n\t\t\t\t\t<div class=\"elementor-text-editor elementor-clearfix\"><h2 class=\"clr-6 p4\" style=\"background: #; font-size: 40px; margin-bottom: 0px; padding-bottom: 13px; vertical-align: top; line-height: 50px; color: #000000; font-weight: bold; font-family: 'Cabin Sketch', cursive; letter-spacing: -1px; font-style: normal;\"><span style=\"color: #ffffff;\"><strong>\u00bfQu\u00e9 estudiar?<\/strong><\/span><\/h2>\n<div class=\"pag\" style=\"background: #; font-size: 14px; vertical-align: top; position: relative; color: #838180; font-family: Georgia, 'Times New Roman', Times, serif; font-style: normal; font-weight: 400;\">\n<div class=\"img-pags\" style=\"background: transparent; font-size: 14px; vertical-align: top; position: relative; left: 0px; z-index: 1; overflow: hidden; width: 580px; height: 996px;\">\n<ul class=\"pagination\" style=\"background: transparent; font-size: 14px; margin-bottom: 0px; margin-left: 0px; vertical-align: top; list-style-image: none; list-style-type: none; position: relative; width: 580px; height: 996px; left: 0px;\">\n \t<li class=\"\" style=\"background: transparent; font-size: 14px; margin-right: 20px; vertical-align: top; width: 270px; height: 249px; display: block; position: absolute; left: 0px; top: 0px;\">\n<div style=\"background: transparent; font-size: 14px; vertical-align: top;\" align=\"center\"><a style=\"background-image: initial; background-position: initial; background-size: initial; background-repeat: initial; background-attachment: initial; background-origin: initial; background-clip: initial; font-size: 14px; vertical-align: top; cursor: pointer; position: relative; display: block;\" href=\"#\"><span style=\"background: transparent; font-size: 14px; vertical-align: top; display: block;\"><img loading=\"lazy\" class=\"img-border\" style=\"background: transparent; margin: 0px; padding: 0px; outline: 0px; vertical-align: top; box-shadow: #c1c1c1 0px 0px 5px; display: inline-block; border: 10px solid #ffffff;\" src=\"http:\/\/www.intenalco.edu.co\/infantil\/fotos\/estudiar\/importaciones.exportaciones.jpg\" alt=\"\" width=\"250\" height=\"180\" \/><span class=\"text-2\" style=\"background: transparent; font-size: 16px; margin-top: 7px; margin-left: 11px; vertical-align: top; line-height: 25px; color: #000000; font-style: italic; font-weight: normal; display: block;\">Importaciones y Exportaciones\n<span class=\"Estilo2\" style=\"background: transparent; font-size: 12px; vertical-align: top; display: block;\">Resoluci\u00f3n 363 del 05\/02\/2009<\/span><\/span><\/span><\/a><\/div><\/li>\n \t<li class=\"\" style=\"background: transparent; font-size: 14px; margin-right: 20px; vertical-align: top; width: 270px; height: 249px; display: block; position: absolute; left: 0px; top: 249px;\">\n<div style=\"background: transparent; font-size: 14px; vertical-align: top;\" align=\"center\"><a style=\"background-image: initial; background-position: initial; background-size: initial; background-repeat: initial; background-attachment: initial; background-origin: initial; background-clip: initial; font-size: 14px; vertical-align: top; cursor: pointer; position: relative; display: block;\" href=\"#\"><span style=\"background: transparent; font-size: 14px; vertical-align: top; display: block;\"><img loading=\"lazy\" class=\"img-border\" style=\"background: transparent; margin: 0px; padding: 0px; outline: 0px; vertical-align: top; box-shadow: #c1c1c1 0px 0px 5px; display: inline-block; border: 10px solid #ffffff;\" src=\"http:\/\/www.intenalco.edu.co\/infantil\/fotos\/estudiar\/mercadeo.jpg\" alt=\"\" width=\"250\" height=\"180\" \/><span class=\"text-2\" style=\"background: transparent; font-size: 16px; margin-top: 7px; margin-left: 11px; vertical-align: top; line-height: 25px; color: #000000; font-style: italic; font-weight: normal; display: block;\">Mercadeo\n<span class=\"Estilo2\" style=\"background: transparent; font-size: 12px; vertical-align: top; display: block;\">Resoluci\u00f3n 17656 del 06\/12\/2013<\/span><\/span><\/span><\/a><\/div><\/li>\n \t<li class=\"active current\" style=\"background: transparent; font-size: 14px; margin-right: 20px; vertical-align: top; width: 270px; height: 249px; display: block; position: absolute; left: 0px; top: 498px;\">\n<div style=\"background: transparent; font-size: 14px; vertical-align: top;\" align=\"center\"><a style=\"background-image: initial; background-position: initial; background-size: initial; background-repeat: initial; background-attachment: initial; background-origin: initial; background-clip: initial; font-size: 14px; vertical-align: top; cursor: pointer; position: relative; display: block;\" href=\"#\"><span style=\"background: transparent; font-size: 14px; vertical-align: top; display: block;\"><img loading=\"lazy\" class=\"img-border\" style=\"background: transparent; margin: 0px; padding: 0px; outline: 0px; vertical-align: top; box-shadow: #c1c1c1 0px 0px 5px; display: inline-block; border: 10px solid #c4e7ef;\" src=\"http:\/\/www.intenalco.edu.co\/infantil\/fotos\/estudiar\/costos.contabilidad.jpg\" alt=\"\" width=\"250\" height=\"180\" \/><span class=\"text-2\" style=\"background: transparent; font-size: 16px; margin-top: 7px; margin-left: 11px; vertical-align: top; line-height: 25px; color: #000000; font-style: italic; font-weight: normal; display: block;\">Costos y Contabilidad\n<span class=\"Estilo2\" style=\"background: transparent; font-size: 12px; vertical-align: top; display: block;\">Resoluci\u00f3n 7419 del 14\/06\/2013<\/span><\/span><\/span><\/a><\/div><\/li>\n \t<li style=\"background: transparent; font-size: 14px; margin-right: 20px; vertical-align: top; width: 270px; height: 249px; display: block; position: absolute; left: 0px; top: 747px;\">\n<div style=\"background: transparent; font-size: 14px; vertical-align: top;\" align=\"center\"><a style=\"background-image: initial; background-position: initial; background-size: initial; background-repeat: initial; background-attachment: initial; background-origin: initial; background-clip: initial; font-size: 14px; vertical-align: top; cursor: pointer; position: relative; display: block;\" href=\"#\"><span style=\"background: transparent; font-size: 14px; vertical-align: top; display: block;\"><img loading=\"lazy\" class=\"img-border\" style=\"background: transparent; margin: 0px; padding: 0px; outline: 0px; vertical-align: top; box-shadow: #c1c1c1 0px 0px 5px; display: inline-block; border: 10px solid #ffffff;\" src=\"http:\/\/www.intenalco.edu.co\/infantil\/fotos\/estudiar\/gestion.empresarial.jpg\" alt=\"\" width=\"250\" height=\"180\" \/><span class=\"text-2\" style=\"background: transparent; font-size: 16px; margin-top: 7px; margin-left: 11px; vertical-align: top; line-height: 25px; color: #000000; font-style: italic; font-weight: normal; display: block;\">Gesti\u00f3n Empresarial\n<span class=\"Estilo2\" style=\"background: transparent; font-size: 12px; vertical-align: top; display: block;\">Resoluci\u00f3n 7418 del 14\/06\/2013<\/span><\/span><\/span><\/a><\/div><\/li>\n \t<li style=\"background: transparent; font-size: 14px; margin-right: 20px; vertical-align: top; width: 270px; height: 249px; display: block; position: absolute; left: 290px; top: 0px;\">\n<div style=\"background: transparent; font-size: 14px; vertical-align: top;\" align=\"center\"><a style=\"background-image: initial; background-position: initial; background-size: initial; background-repeat: initial; background-attachment: initial; background-origin: initial; background-clip: initial; font-size: 14px; vertical-align: top; cursor: pointer; position: relative; display: block;\" href=\"#\"><span style=\"background: transparent; font-size: 14px; vertical-align: top; display: block;\"><img loading=\"lazy\" class=\"img-border\" style=\"background: transparent; margin: 0px; padding: 0px; outline: 0px; vertical-align: top; box-shadow: #c1c1c1 0px 0px 5px; display: inline-block; border: 10px solid #ffffff;\" src=\"http:\/\/www.intenalco.edu.co\/infantil\/fotos\/estudiar\/administrativo.salud.jpg\" alt=\"\" width=\"250\" height=\"180\" \/><\/span><\/a><span class=\"text-2\" style=\"background: transparent; font-size: 16px; vertical-align: top; line-height: 25px; color: #000000; font-style: italic;\">Administrativo en Salud<\/span>\n<span class=\"Estilo6\" style=\"background: transparent; font-size: 12px; vertical-align: top; color: #340000;\">Resoluci\u00f3n 4143.2.21.3964<\/span><\/div><\/li>\n \t<li style=\"background: transparent; font-size: 14px; margin-right: 20px; vertical-align: top; width: 270px; height: 249px; display: block; position: absolute; left: 290px; top: 249px;\">\n<div style=\"background: transparent; font-size: 14px; vertical-align: top;\" align=\"center\"><a style=\"background-image: initial; background-position: initial; background-size: initial; background-repeat: initial; background-attachment: initial; background-origin: initial; background-clip: initial; font-size: 14px; vertical-align: top; cursor: pointer; position: relative; display: block;\" href=\"#\"><span style=\"background: transparent; font-size: 14px; vertical-align: top; display: block;\"><img loading=\"lazy\" class=\"img-border\" style=\"background: transparent; margin: 0px; padding: 0px; outline: 0px; vertical-align: top; box-shadow: #c1c1c1 0px 0px 5px; display: inline-block; border: 10px solid #ffffff;\" src=\"http:\/\/www.intenalco.edu.co\/infantil\/fotos\/estudiar\/auxiliar.en.ermeria.jpg\" alt=\"\" width=\"250\" height=\"180\" \/><span class=\"text-2\" style=\"background: transparent; font-size: 16px; margin-top: 7px; margin-left: 11px; vertical-align: top; line-height: 25px; color: #000000; font-style: italic; font-weight: normal; display: block;\">Auxiliar de Enfermer\u00eda\n<span class=\"Estilo2\" style=\"background: transparent; font-size: 12px; vertical-align: top; display: block;\">Resoluci\u00f3n 4143.2.21.3965<\/span>\n<\/span><\/span><\/a><\/div><\/li>\n \t<li style=\"background: transparent; font-size: 14px; margin-right: 20px; vertical-align: top; width: 270px; height: 249px; display: block; position: absolute; left: 290px; top: 498px;\">\n<div style=\"background: transparent; font-size: 14px; vertical-align: top;\" align=\"center\"><a style=\"background-image: initial; background-position: initial; background-size: initial; background-repeat: initial; background-attachment: initial; background-origin: initial; background-clip: initial; font-size: 14px; vertical-align: top; cursor: pointer; position: relative; display: block;\" href=\"#\"><span style=\"background: transparent; font-size: 14px; vertical-align: top; display: block;\"><img loading=\"lazy\" class=\"img-border\" style=\"background: transparent; margin: 0px; padding: 0px; outline: 0px; vertical-align: top; box-shadow: #c1c1c1 0px 0px 5px; display: inline-block; border: 10px solid #ffffff;\" src=\"http:\/\/www.intenalco.edu.co\/infantil\/fotos\/estudiar\/salud.publica.jpg\" alt=\"\" width=\"250\" height=\"180\" \/><span class=\"text-2\" style=\"background: transparent; font-size: 16px; margin-top: 7px; margin-left: 11px; vertical-align: top; line-height: 25px; color: #000000; font-style: italic; font-weight: normal; display: block;\">Salud P\u00fablica\n<span class=\"Estilo2\" style=\"background: transparent; font-size: 12px; vertical-align: top; display: block;\">Resoluci\u00f3n 4143.2.21.3967<\/span><\/span><\/span><\/a><\/div><\/li>\n \t<li style=\"background: transparent; font-size: 14px; margin-right: 20px; vertical-align: top; width: 270px; height: 249px; display: block; position: absolute; left: 290px; top: 747px;\">\n<div style=\"background: transparent; font-size: 14px; vertical-align: top;\" align=\"center\"><a style=\"background-image: initial; background-position: initial; background-size: initial; background-repeat: initial; background-attachment: initial; background-origin: initial; background-clip: initial; font-size: 14px; vertical-align: top; cursor: pointer; position: relative; display: block;\" href=\"#\"><span style=\"background: transparent; font-size: 14px; vertical-align: top; display: block;\"><img loading=\"lazy\" class=\"img-border\" style=\"background: transparent; margin: 0px; padding: 0px; outline: 0px; vertical-align: top; box-shadow: #c1c1c1 0px 0px 5px; display: inline-block; border: 10px solid #c4e7ef;\" src=\"http:\/\/www.intenalco.edu.co\/infantil\/fotos\/estudiar\/musica.popular.jpg\" alt=\"\" width=\"250\" height=\"180\" \/><span class=\"text-2\" style=\"background: transparent; font-size: 16px; margin-top: 7px; margin-left: 11px; vertical-align: top; line-height: 25px; color: #000000; font-style: italic; font-weight: normal; display: block;\">M\u00fasica Popular\n<span class=\"Estilo2\" style=\"background: transparent; font-size: 12px; vertical-align: top; display: block;\">Resoluci\u00f3n 1594<\/span><\/span><\/span><\/a><\/div><\/li>\n<\/ul>\n<\/div>\n<\/div><\/div>\n\t\t\t\t<\/div>\n\t\t\t\t<\/div>\n\t\t\t\t\t\t<\/div>\n\t\t\t\t\t<\/div>\n\t\t<\/div>\n\t\t\t\t\t\t\t\t<\/div>\n\t\t\t\t\t<\/div>\n\t\t<\/section>\n\t\t\t\t<section class=\"elementor-section elementor-top-section elementor-element elementor-element-f34bae6 elementor-section-boxed elementor-section-height-default elementor-section-height-default\" data-id=\"f34bae6\" data-element_type=\"section\">\n\t\t\t\t\t\t<div class=\"elementor-container elementor-column-gap-default\">\n\t\t\t\t\t\t\t<div class=\"elementor-row\">\n\t\t\t\t\t<div class=\"elementor-column elementor-col-100 elementor-top-column elementor-element elementor-element-0c5f0ca\" data-id=\"0c5f0ca\" data-element_type=\"column\">\n\t\t\t<div class=\"elementor-column-wrap\">\n\t\t\t\t\t\t\t<div class=\"elementor-widget-wrap\">\n\t\t\t\t\t\t\t\t<\/div>\n\t\t\t\t\t<\/div>\n\t\t<\/div>\n\t\t\t\t\t\t\t\t<\/div>\n\t\t\t\t\t<\/div>\n\t\t<\/section>\n\t\t\t\t\t\t<\/div>\n\t\t\t\t\t\t<\/div>\n\t\t\t\t\t<\/div>\n\t\t ","protected":false},"excerpt":{"rendered":"<p>Inicio &raquo; P\u00e1gina Intenalco Infantil \u00bfQu\u00e9 Estudiar? \u00bfQu\u00e9 estudiar? Importaciones y Exportaciones Resoluci\u00f3n 363 del 05\/02\/2009 Mercadeo Resoluci\u00f3n 17656 del 06\/12\/2013 Costos y Contabilidad Resoluci\u00f3n 7419 del 14\/06\/2013 Gesti\u00f3n Empresarial Resoluci\u00f3n 7418 del 14\/06\/2013 Administrativo en Salud Resoluci\u00f3n 4143.2.21.3964 Auxiliar de Enfermer\u00eda Resoluci\u00f3n 4143.2.21.3965 Salud P\u00fablica Resoluci\u00f3n 4143.2.21.3967 M\u00fasica Popular Resoluci\u00f3n 1594<\/p>\n","protected":false},"author":3,"featured_media":0,"parent":0,"menu_order":0,"comment_status":"closed","ping_status":"closed","template":"","meta":[],"_links":{"self":[{"href":"https:\/\/intenalco.edu.co\/portal\/wp-json\/wp\/v2\/pages\/1508"}],"collection":[{"href":"https:\/\/intenalco.edu.co\/portal\/wp-json\/wp\/v2\/pages"}],"about":[{"href":"https:\/\/intenalco.edu.co\/portal\/wp-json\/wp\/v2\/types\/page"}],"author":[{"embeddable":true,"href":"https:\/\/intenalco.edu.co\/portal\/wp-json\/wp\/v2\/users\/3"}],"replies":[{"embeddable":true,"href":"https:\/\/intenalco.edu.co\/portal\/wp-json\/wp\/v2\/comments?post=1508"}],"version-history":[{"count":9,"href":"https:\/\/intenalco.edu.co\/portal\/wp-json\/wp\/v2\/pages\/1508\/revisions"}],"predecessor-version":[{"id":2496,"href":"https:\/\/intenalco.edu.co\/portal\/wp-json\/wp\/v2\/pages\/1508\/revisions\/2496"}],"wp:attachment":[{"href":"https:\/\/intenalco.edu.co\/portal\/wp-json\/wp\/v2\/media?parent=1508"}],"curies":[{"name":"wp","href":"https:\/\/api.w.org\/{rel}","templated":true}]}}