{"id":1756,"date":"2021-03-01T14:59:46","date_gmt":"2021-03-01T14:59:46","guid":{"rendered":"https:\/\/intenalco.edu.co\/portal\/?page_id=1756"},"modified":"2026-03-12T20:58:33","modified_gmt":"2026-03-12T20:58:33","slug":"cronograma-de-actividades","status":"publish","type":"page","link":"https:\/\/intenalco.edu.co\/portal\/cronograma-de-actividades\/","title":{"rendered":"Cronograma de Actividades"},"content":{"rendered":"<div id=\"pauDonde\"><a href=\"https:\/\/intenalco.edu.co\/portal\">Inicio<\/a> &raquo; <span class=\"current\">P\u00e1gina<\/span><\/div> <br> \t\t<div data-elementor-type=\"wp-page\" data-elementor-id=\"1756\" class=\"elementor elementor-1756\" data-elementor-settings=\"[]\">\n\t\t\t\t\t\t<div class=\"elementor-inner\">\n\t\t\t\t\t\t\t<div class=\"elementor-section-wrap\">\n\t\t\t\t\t\t\t<section class=\"elementor-section elementor-top-section elementor-element elementor-element-73dfaa9 elementor-section-boxed elementor-section-height-default elementor-section-height-default\" data-id=\"73dfaa9\" data-element_type=\"section\">\n\t\t\t\t\t\t<div class=\"elementor-container elementor-column-gap-default\">\n\t\t\t\t\t\t\t<div class=\"elementor-row\">\n\t\t\t\t\t<div class=\"elementor-column elementor-col-100 elementor-top-column elementor-element elementor-element-77f44ae\" data-id=\"77f44ae\" data-element_type=\"column\">\n\t\t\t<div class=\"elementor-column-wrap elementor-element-populated\">\n\t\t\t\t\t\t\t<div class=\"elementor-widget-wrap\">\n\t\t\t\t\t\t<div class=\"elementor-element elementor-element-513058a elementor-widget elementor-widget-heading\" data-id=\"513058a\" data-element_type=\"widget\" data-widget_type=\"heading.default\">\n\t\t\t\t<div class=\"elementor-widget-container\">\n\t\t\t<h2 class=\"elementor-heading-title elementor-size-default\">Cronograma de Actividades<\/h2>\t\t<\/div>\n\t\t\t\t<\/div>\n\t\t\t\t<div class=\"elementor-element elementor-element-ed93265 elementor-widget elementor-widget-heading\" data-id=\"ed93265\" data-element_type=\"widget\" data-widget_type=\"heading.default\">\n\t\t\t\t<div class=\"elementor-widget-container\">\n\t\t\t<h2 class=\"elementor-heading-title elementor-size-default\">CALENDARIO DE INSCRIPCIONES Y MATR\u00cdCULAS<\/h2>\t\t<\/div>\n\t\t\t\t<\/div>\n\t\t\t\t<div class=\"elementor-element elementor-element-3d9eaa8 elementor-widget elementor-widget-image\" data-id=\"3d9eaa8\" data-element_type=\"widget\" data-widget_type=\"image.default\">\n\t\t\t\t<div class=\"elementor-widget-container\">\n\t\t\t\t\t<div class=\"elementor-image\">\n\t\t\t\t\t\t\t\t\t\t\t<a href=\"https:\/\/intenalco.datasae.co\/\/paquetes\/admision\/preinscripciondeadmision\/index_publico.php?accion=Nuevo\" target=\"_blank\">\n\t\t\t\t\t\t\t<img width=\"1024\" height=\"287\" src=\"https:\/\/intenalco.edu.co\/portal\/wp-content\/uploads\/2025\/11\/mapa-calendario-2026-1-1024x287.jpg\" class=\"attachment-large size-large\" alt=\"\" loading=\"lazy\" srcset=\"https:\/\/intenalco.edu.co\/portal\/wp-content\/uploads\/2025\/11\/mapa-calendario-2026-1-1024x287.jpg 1024w, https:\/\/intenalco.edu.co\/portal\/wp-content\/uploads\/2025\/11\/mapa-calendario-2026-1-300x84.jpg 300w, https:\/\/intenalco.edu.co\/portal\/wp-content\/uploads\/2025\/11\/mapa-calendario-2026-1-768x215.jpg 768w, https:\/\/intenalco.edu.co\/portal\/wp-content\/uploads\/2025\/11\/mapa-calendario-2026-1-1536x430.jpg 1536w, https:\/\/intenalco.edu.co\/portal\/wp-content\/uploads\/2025\/11\/mapa-calendario-2026-1.jpg 1629w\" sizes=\"(max-width: 1024px) 100vw, 1024px\" \/>\t\t\t\t\t\t\t\t<\/a>\n\t\t\t\t\t\t\t\t\t\t\t<\/div>\n\t\t\t\t<\/div>\n\t\t\t\t<\/div>\n\t\t\t\t<div class=\"elementor-element elementor-element-2cff2aa elementor-widget elementor-widget-spacer\" data-id=\"2cff2aa\" data-element_type=\"widget\" data-widget_type=\"spacer.default\">\n\t\t\t\t<div class=\"elementor-widget-container\">\n\t\t\t\t\t<div class=\"elementor-spacer\">\n\t\t\t<div class=\"elementor-spacer-inner\"><\/div>\n\t\t<\/div>\n\t\t\t\t<\/div>\n\t\t\t\t<\/div>\n\t\t\t\t<div class=\"elementor-element elementor-element-dda726b elementor-widget elementor-widget-heading\" data-id=\"dda726b\" data-element_type=\"widget\" data-widget_type=\"heading.default\">\n\t\t\t\t<div class=\"elementor-widget-container\">\n\t\t\t<h2 class=\"elementor-heading-title elementor-size-default\">Consultar<\/h2>\t\t<\/div>\n\t\t\t\t<\/div>\n\t\t\t\t\t\t<\/div>\n\t\t\t\t\t<\/div>\n\t\t<\/div>\n\t\t\t\t\t\t\t\t<\/div>\n\t\t\t\t\t<\/div>\n\t\t<\/section>\n\t\t\t\t<section class=\"elementor-section elementor-top-section elementor-element elementor-element-d145c46 elementor-section-boxed elementor-section-height-default elementor-section-height-default\" data-id=\"d145c46\" data-element_type=\"section\">\n\t\t\t\t\t\t<div class=\"elementor-container elementor-column-gap-default\">\n\t\t\t\t\t\t\t<div class=\"elementor-row\">\n\t\t\t\t\t<div class=\"elementor-column elementor-col-100 elementor-top-column elementor-element elementor-element-4cb9b97\" data-id=\"4cb9b97\" data-element_type=\"column\">\n\t\t\t<div class=\"elementor-column-wrap elementor-element-populated\">\n\t\t\t\t\t\t\t<div class=\"elementor-widget-wrap\">\n\t\t\t\t\t\t<div class=\"elementor-element elementor-element-7316e5d elementor-widget elementor-widget-text-editor\" data-id=\"7316e5d\" data-element_type=\"widget\" data-widget_type=\"text-editor.default\">\n\t\t\t\t<div class=\"elementor-widget-container\">\n\t\t\t\t\t<div class=\"elementor-text-editor elementor-clearfix\"><table border=\"1\" width=\"768\" cellspacing=\"0\" cellpadding=\"10\">\n<tbody>\n<tr>\n<td colspan=\"2\" bgcolor=\"#C6ECD9\" height=\"40\"><strong>CRONOGRAMA ESPECIAL DE INSCRIPCIONES Y MATR\u00cdCULAS TECNICOS PROFESIONALES REGIONALIZACI\u00d3N<\/strong><\/td>\n<\/tr>\n<tr>\n<td height=\"51\">CALENDARIO INSCRIPCIONES, MATR\u00cdCULAS Y CRONOGRAMA DE ACTIVIDADES REGIONALIZACI\u00d3N MIRANDA PERIODO 2025 &#8211; 2026<\/td>\n<td><a href=\"https:\/\/intenalco.edu.co\/anuncio.actual\/CALENDARIOS%20ACADEMICOS%20INSCRIPCIONES-MATRICU%20Y%20ACTIVIDADES%202025%20Y%202026.pdf\" target=\"_blank\" rel=\"noopener\"><img loading=\"lazy\" src=\"https:\/\/intenalco.edu.co\/css\/images\/pdf.png\" alt=\"\" width=\"64\" height=\"64\" border=\"0\" \/><\/a><\/td>\n<\/tr>\n<tr>\n<td colspan=\"2\" bgcolor=\"#C6ECD9\" height=\"40\"><strong>CRONOGRAMA DE ACTIVIDADES Y CALENDARIO DE INSCRIPCIONES Y MATR\u00cdCULAS<\/strong><\/td>\n<\/tr>\n<tr>\n<td height=\"51\">CALENDARIO DE INSCRIPCIONES, MATRICULAS Y CRONOGRAMA DE ACTIVIDADES &#8211; 2026-1<\/td>\n<td><a href=\"https:\/\/intenalco.edu.co\/anuncio.actual\/CALENDARIO-ACADEMICO Y CRONOGRAMA DE ACTIVIDADES 01 Y 02 DE 2026.pdf\" target=\"_blank\" rel=\"noopener\"><img loading=\"lazy\" src=\"https:\/\/intenalco.edu.co\/css\/images\/pdf.png\" alt=\"\" width=\"64\" height=\"64\" border=\"0\" \/><\/a><\/td>\n<\/tr>\n<tr>\n<td height=\"51\">CALENDARIO DE INSCRIPCIONES, MATRICULAS Y CRONOGRAMA DE ACTIVIDADES &#8211; 2025-2<\/td>\n<td><a href=\"https:\/\/intenalco.edu.co\/anuncio.actual\/CALENDARIO DE ACTIVIDADES PERIODO 02 DE 2025.pdf\" target=\"_blank\" rel=\"noopener\"><img loading=\"lazy\" src=\"https:\/\/intenalco.edu.co\/css\/images\/pdf.png\" alt=\"\" width=\"64\" height=\"64\" border=\"0\" \/><\/a><\/td>\n<\/tr>\n<tr>\n<td height=\"51\">CALENDARIO DE INSCRIPCIONES, MATRICULAS Y CRONOGRAMA DE ACTIVIDADES &#8211; 2025-1<\/td>\n<td><a href=\"https:\/\/intenalco.edu.co\/anuncio.actual\/CALENDARIO INSCRIPCIONES Y CRONOGRAMA ACTIVIDADES 2025-1.pdf\" target=\"_blank\" rel=\"noopener\"><img loading=\"lazy\" src=\"https:\/\/intenalco.edu.co\/css\/images\/pdf.png\" alt=\"\" width=\"64\" height=\"64\" border=\"0\" \/><\/a><\/td>\n<\/tr>\n<tr>\n<td height=\"51\">CALENDARIO DE INSCRIPCIONES, MATRICULAS Y CRONOGRAMA DE ACTIVIDADES &#8211; 2024-2<\/td>\n<td><a href=\"https:\/\/intenalco.edu.co\/anuncio.actual\/CALENDARIO INSCRIPCIONES-MATRICULAS Y CRONOGRAMA DE ACTIVIDADES 2024-2.pdf\" target=\"_blank\" rel=\"noopener\"><img loading=\"lazy\" src=\"https:\/\/intenalco.edu.co\/css\/images\/pdf.png\" alt=\"\" width=\"64\" height=\"64\" border=\"0\" \/><\/a><\/td>\n<\/tr>\n<tr>\n<td height=\"51\">CALENDARIO DE INSCRIPCIONES, MATRICULAS Y CRONOGRAMA DE ACTIVIDADES &#8211; 2024-1<\/td>\n<td><a href=\"https:\/\/intenalco.edu.co\/anuncio.actual\/CALENDARIO DE INSCRIPCIONES Y MATRICULAS CRONOGRAMA ACTIVIDADES 2024-1.pdf\" target=\"_blank\" rel=\"noopener\"><img loading=\"lazy\" src=\"https:\/\/intenalco.edu.co\/css\/images\/pdf.png\" alt=\"\" width=\"64\" height=\"64\" border=\"0\" \/><\/a><\/td>\n<\/tr>\n<tr>\n<td height=\"51\">CALENDARIO DE INSCRIPCIONES, MATRICULAS Y CRONOGRAMA DE ACTIVIDADES &#8211; 2023-2<\/td>\n<td><a href=\"https:\/\/intenalco.edu.co\/anuncio.actual\/CALENDARIO DE INSCRIPCIONES-MATRICULAS Y CRONOGRAMA DE ACTIVIDADES PERIODO 2023-2.pdf\" target=\"_blank\" rel=\"noopener\"><img loading=\"lazy\" src=\"https:\/\/intenalco.edu.co\/css\/images\/pdf.png\" alt=\"\" width=\"64\" height=\"64\" border=\"0\" \/><\/a><\/td>\n<\/tr>\n<tr>\n<td height=\"51\">CALENDARIO DE INSCRIPCIONES, MATRICULAS Y CRONOGRAMA DE ACTIVIDADES &#8211; 2023-1<\/td>\n<td><a href=\"https:\/\/intenalco.edu.co\/anuncio.actual\/CRONOGRAMA DE ACTIVIDADES PERIODO 2023-1.pdf\" target=\"_blank\" rel=\"noopener\"><img loading=\"lazy\" src=\"https:\/\/intenalco.edu.co\/css\/images\/pdf.png\" alt=\"\" width=\"64\" height=\"64\" border=\"0\" \/><\/a><\/td>\n<\/tr>\n<tr>\n<td height=\"51\"><\/td>\n<td><\/td>\n<\/tr>\n<\/tbody>\n<\/table>\n<table border=\"1\" width=\"768\" cellspacing=\"0\" cellpadding=\"10\">\n<tbody>\n<tr>\n<td colspan=\"2\" bgcolor=\"#C6ECD9\" height=\"40\"><strong>CRONOGRAMA DE ACTIVIDADES Y CALENDARIO DE INSCRIPCIONES Y MATR\u00cdCULAS<\/strong><\/td>\n<\/tr>\n<tr>\n<td height=\"51\">CALENDARIO DE INSCRIPCIONES, MATRICULAS Y CRONOGRAMA DE ACTIVIDADES &#8211; 2022-2<\/td>\n<td><a href=\"https:\/\/intenalco.edu.co\/anuncio.actual\/CALENDARIO%20DE%20INSCRIPCIONES-MATRICULAS%20Y%20CRONOGRAMA%20DE%20ACTIVIDADES%2002-2022.pdf\" target=\"_blank\" rel=\"noopener\"><img loading=\"lazy\" src=\"https:\/\/intenalco.edu.co\/css\/images\/pdf.png\" alt=\"\" width=\"64\" height=\"64\" border=\"0\" \/><\/a><\/td>\n<\/tr>\n<tr>\n<td height=\"51\">CALENDARIO DE INSCRIPCIONES, MATRICULAS Y CRONOGRAMA DE ACTIVIDADES &#8211; 2022-1<\/td>\n<td><a href=\"https:\/\/www.intenalco.edu.co\/anuncio.actual\/CALENDARIO%20DE%20INSCRIPCIONES,%20MATRICULAS%20Y%20CRONOGRAMA%20DE%20ACTIVIDADES%20PERIODO%2001%20DE%202022.pdf\" target=\"_blank\" rel=\"noopener\"><img loading=\"lazy\" src=\"https:\/\/intenalco.edu.co\/css\/images\/pdf.png\" width=\"64\" height=\"64\" border=\"0\" \/><\/a><\/td>\n<\/tr>\n<\/tbody>\n<\/table>\n<table border=\"1\" width=\"768\" cellspacing=\"0\" cellpadding=\"10\">\n<tbody>\n<tr>\n<td colspan=\"2\" bgcolor=\"#C6ECD9\" height=\"40\"><strong>CRONOGRAMA DE ACTIVIDADES Y CALENDARIO DE INSCRIPCIONES Y MATR\u00cdCULAS<\/strong><\/td>\n<\/tr>\n<tr>\n<td height=\"51\">CRONOGRAMA DE ACTIVIDADES &#8211; 2021-2<\/td>\n<td><a href=\"https:\/\/www.intenalco.edu.co\/anuncio.actual\/CALENDARIO%20DE%20INSCRIPCIONES%20Y%20MATRICULAS%2002-2021.pdf\" target=\"_blank\" rel=\"noopener\"><img loading=\"lazy\" src=\"https:\/\/intenalco.edu.co\/css\/images\/pdf.png\" width=\"64\" height=\"64\" border=\"0\" \/><\/a><\/td>\n<\/tr>\n<tr>\n<td height=\"51\">CALENDARIO DE INSCRIPCIONES Y MATRICULAS &#8211; 2021-2<\/td>\n<td><a href=\"https:\/\/www.intenalco.edu.co\/anuncio.actual\/CALENDARIO%20DE%20INSCRIPCIONES%20Y%20MATRICULAS%2002-2021.pdf\" target=\"_blank\" rel=\"noopener\"><img loading=\"lazy\" src=\"https:\/\/intenalco.edu.co\/css\/images\/pdf.png\" width=\"64\" height=\"64\" border=\"0\" \/><\/a><\/td>\n<\/tr>\n<tr>\n<td height=\"51\">CRONOGRAMA Y CALENDARIO &#8211; PRIMER PERIODO 2021-1<\/td>\n<td><a href=\"https:\/\/www.intenalco.edu.co\/anuncio.actual\/CALENDARIO%20DE%20ACTIVIDADES%202021-1%20ACUERDO%20007%2011%20Noviembre%202020.pdf\" target=\"_blank\" rel=\"noopener\"><img loading=\"lazy\" src=\"https:\/\/intenalco.edu.co\/css\/images\/pdf.png\" width=\"64\" height=\"64\" border=\"0\" \/><\/a><\/td>\n<\/tr>\n<tr>\n<td height=\"51\">AJUSTE &#8211; SEGUNDO PERIODO 2020-2<\/td>\n<td><a href=\"https:\/\/www.intenalco.edu.co\/anuncio.actual\/ACUERDO%20004%20AJUSTE%20CALENDARIO%20ACADEMICO%202020%20B.pdf\" target=\"_blank\" rel=\"noopener\"><img loading=\"lazy\" src=\"https:\/\/intenalco.edu.co\/css\/images\/pdf.png\" width=\"64\" height=\"64\" border=\"0\" \/><\/a><\/td>\n<\/tr>\n<tr>\n<td height=\"51\">SEGUNDO PERIODO 2020-2<\/td>\n<td><a href=\"https:\/\/intenalco.edu.co\/cronogramadeactividades.php#\" target=\"_blank\" rel=\"noopener\"><img loading=\"lazy\" src=\"https:\/\/intenalco.edu.co\/css\/images\/pdf.png\" width=\"64\" height=\"64\" border=\"0\" \/><\/a><\/td>\n<\/tr>\n<tr>\n<td width=\"658\" height=\"51\">PRIMER PERIODO 2020-1<\/td>\n<td width=\"64\"><a href=\"http:\/\/intenalco.edu.co\/anuncio.actual\/ACUERDO%20001%20AJUSTE%20CALENDARIO%20ACADEMICO%202020-1.pdf\" target=\"_blank\" rel=\"noopener\"><img loading=\"lazy\" src=\"https:\/\/intenalco.edu.co\/css\/images\/pdf.png\" width=\"64\" height=\"64\" border=\"0\" \/><\/a><\/td>\n<\/tr>\n<tr>\n<td height=\"51\">SEGUNDO PERIODO 2019-2<\/td>\n<td><a href=\"http:\/\/www.intenalco.edu.co\/anuncio.actual\/ACUERDO%2002%20CONSEJO%20ACADEMICO%202019%20-%20CALENDARIO%20ACADEMICO%202019-2.pdf\" target=\"_blank\" rel=\"noopener\"><img loading=\"lazy\" src=\"https:\/\/intenalco.edu.co\/css\/images\/pdf.png\" width=\"64\" height=\"64\" border=\"0\" \/><\/a><\/td>\n<\/tr>\n<tr>\n<td height=\"51\">PRIMER PERIODO 2019-1<\/td>\n<td><a href=\"https:\/\/www.intenalco.edu.co\/archivospublicos\/ACUERDO%20010-2017derechos-pecuniarios.pdf\" target=\"_blank\" rel=\"noopener\"><img loading=\"lazy\" src=\"https:\/\/intenalco.edu.co\/css\/images\/pdf.png\" width=\"64\" height=\"64\" border=\"0\" \/><\/a><\/td>\n<\/tr>\n<tr>\n<td height=\"51\">SEGUNDO PERIODO 2018-2<\/td>\n<td><a href=\"http:\/\/www.intenalco.edu.co\/archivospublicos\/ACUERDO%20003%20CALENDARIO%20DE%20ACTIVIDADES%20PERIODO%2002%20DE%202018%20AJUSTADO.pdf\" target=\"_blank\" rel=\"noopener\"><img loading=\"lazy\" src=\"https:\/\/intenalco.edu.co\/css\/images\/pdf.png\" width=\"64\" height=\"64\" border=\"0\" \/><\/a><\/td>\n<\/tr>\n<tr>\n<td height=\"51\">PRIMER PERIODO 2018-1<\/td>\n<td><a href=\"https:\/\/www.intenalco.edu.co\/archivospublicos\/ACUERDO%20No%2006%20CALENDARIO%20ACADEMICO1-2018.pdf\" target=\"_blank\" rel=\"noopener\"><img loading=\"lazy\" src=\"https:\/\/intenalco.edu.co\/css\/images\/pdf.png\" width=\"64\" height=\"64\" border=\"0\" \/><\/a><\/td>\n<\/tr>\n<\/tbody>\n<\/table><\/div>\n\t\t\t\t<\/div>\n\t\t\t\t<\/div>\n\t\t\t\t\t\t<\/div>\n\t\t\t\t\t<\/div>\n\t\t<\/div>\n\t\t\t\t\t\t\t\t<\/div>\n\t\t\t\t\t<\/div>\n\t\t<\/section>\n\t\t\t\t\t\t<\/div>\n\t\t\t\t\t\t<\/div>\n\t\t\t\t\t<\/div>\n\t\t ","protected":false},"excerpt":{"rendered":"<p>Inicio &raquo; P\u00e1gina Cronograma de Actividades CALENDARIO DE INSCRIPCIONES Y MATR\u00cdCULAS Consultar CRONOGRAMA ESPECIAL DE INSCRIPCIONES Y MATR\u00cdCULAS TECNICOS PROFESIONALES REGIONALIZACI\u00d3N CALENDARIO INSCRIPCIONES, MATR\u00cdCULAS Y CRONOGRAMA DE ACTIVIDADES REGIONALIZACI\u00d3N MIRANDA PERIODO 2025 &#8211; 2026 CRONOGRAMA DE ACTIVIDADES Y CALENDARIO DE INSCRIPCIONES Y MATR\u00cdCULAS CALENDARIO DE INSCRIPCIONES, MATRICULAS Y CRONOGRAMA DE ACTIVIDADES &#8211; 2026-1 CALENDARIO DE&#8230;<\/p>\n","protected":false},"author":1,"featured_media":0,"parent":0,"menu_order":0,"comment_status":"closed","ping_status":"closed","template":"","meta":[],"_links":{"self":[{"href":"https:\/\/intenalco.edu.co\/portal\/wp-json\/wp\/v2\/pages\/1756"}],"collection":[{"href":"https:\/\/intenalco.edu.co\/portal\/wp-json\/wp\/v2\/pages"}],"about":[{"href":"https:\/\/intenalco.edu.co\/portal\/wp-json\/wp\/v2\/types\/page"}],"author":[{"embeddable":true,"href":"https:\/\/intenalco.edu.co\/portal\/wp-json\/wp\/v2\/users\/1"}],"replies":[{"embeddable":true,"href":"https:\/\/intenalco.edu.co\/portal\/wp-json\/wp\/v2\/comments?post=1756"}],"version-history":[{"count":115,"href":"https:\/\/intenalco.edu.co\/portal\/wp-json\/wp\/v2\/pages\/1756\/revisions"}],"predecessor-version":[{"id":16558,"href":"https:\/\/intenalco.edu.co\/portal\/wp-json\/wp\/v2\/pages\/1756\/revisions\/16558"}],"wp:attachment":[{"href":"https:\/\/intenalco.edu.co\/portal\/wp-json\/wp\/v2\/media?parent=1756"}],"curies":[{"name":"wp","href":"https:\/\/api.w.org\/{rel}","templated":true}]}}